{"id":881,"date":"2016-01-15T18:27:41","date_gmt":"2016-01-15T17:27:41","guid":{"rendered":"http:\/\/www.musikkapellehuben.at\/mkneu\/?page_id=881"},"modified":"2024-11-28T20:38:41","modified_gmt":"2024-11-28T19:38:41","slug":"kapellmeister-obmann-stabfuehrer","status":"publish","type":"page","link":"http:\/\/www.musikkapellehuben.at\/mkneu\/kapellmeister-obmann-stabfuehrer\/","title":{"rendered":"Kapellmeister, Obmann, Stabf\u00fchrer"},"content":{"rendered":"<p style=\"text-align: center\">Klotz Jonas (Stabf\u00fchrer)<br \/>\nEnnemoser Romed (Kapellmeister)<br \/>\nKlotz Andr\u00e4 (Obmann)<br \/>\n<a href=\"http:\/\/www.musikkapellehuben.at\/mkneu\/aktive-mitglieder\/\">&lt;&lt; zur\u00fcck<\/a><\/p>\n","protected":false},"excerpt":{"rendered":"<p>Klotz Jonas (Stabf\u00fchrer) Ennemoser Romed (Kapellmeister) Klotz Andr\u00e4 (Obmann) &lt;&lt; zur\u00fcck<\/p>\n","protected":false},"author":1,"featured_media":0,"parent":0,"menu_order":0,"comment_status":"closed","ping_status":"closed","template":"","meta":{"footnotes":""},"class_list":["post-881","page","type-page","status-publish","hentry"],"_links":{"self":[{"href":"http:\/\/www.musikkapellehuben.at\/mkneu\/wp-json\/wp\/v2\/pages\/881"}],"collection":[{"href":"http:\/\/www.musikkapellehuben.at\/mkneu\/wp-json\/wp\/v2\/pages"}],"about":[{"href":"http:\/\/www.musikkapellehuben.at\/mkneu\/wp-json\/wp\/v2\/types\/page"}],"author":[{"embeddable":true,"href":"http:\/\/www.musikkapellehuben.at\/mkneu\/wp-json\/wp\/v2\/users\/1"}],"replies":[{"embeddable":true,"href":"http:\/\/www.musikkapellehuben.at\/mkneu\/wp-json\/wp\/v2\/comments?post=881"}],"version-history":[{"count":9,"href":"http:\/\/www.musikkapellehuben.at\/mkneu\/wp-json\/wp\/v2\/pages\/881\/revisions"}],"predecessor-version":[{"id":3750,"href":"http:\/\/www.musikkapellehuben.at\/mkneu\/wp-json\/wp\/v2\/pages\/881\/revisions\/3750"}],"wp:attachment":[{"href":"http:\/\/www.musikkapellehuben.at\/mkneu\/wp-json\/wp\/v2\/media?parent=881"}],"curies":[{"name":"wp","href":"https:\/\/api.w.org\/{rel}","templated":true}]}}