{"id":842,"date":"2016-01-15T12:42:51","date_gmt":"2016-01-15T11:42:51","guid":{"rendered":"http:\/\/www.musikkapellehuben.at\/mkneu\/?page_id=842"},"modified":"2024-11-23T13:22:51","modified_gmt":"2024-11-23T12:22:51","slug":"horn","status":"publish","type":"page","link":"http:\/\/www.musikkapellehuben.at\/mkneu\/horn\/","title":{"rendered":"Horn"},"content":{"rendered":"<div style=\"text-align: center\"><img loading=\"lazy\" decoding=\"async\" src=\"http:\/\/www.musikkapellehuben.at\/mkneu\/wp-content\/uploads\/2024\/04\/IMG_2159-Verbessert-RR-Bearbeitet-632x421.jpg\" class=\"aligncenter size-medium wp-image-3336\" width=\"632\" height=\"421\" alt=\"\" srcset=\"http:\/\/www.musikkapellehuben.at\/mkneu\/wp-content\/uploads\/2024\/04\/IMG_2159-Verbessert-RR-Bearbeitet-632x421.jpg 632w, http:\/\/www.musikkapellehuben.at\/mkneu\/wp-content\/uploads\/2024\/04\/IMG_2159-Verbessert-RR-Bearbeitet-1020x680.jpg 1020w, http:\/\/www.musikkapellehuben.at\/mkneu\/wp-content\/uploads\/2024\/04\/IMG_2159-Verbessert-RR-Bearbeitet-420x280.jpg 420w, http:\/\/www.musikkapellehuben.at\/mkneu\/wp-content\/uploads\/2024\/04\/IMG_2159-Verbessert-RR-Bearbeitet-768x512.jpg 768w, http:\/\/www.musikkapellehuben.at\/mkneu\/wp-content\/uploads\/2024\/04\/IMG_2159-Verbessert-RR-Bearbeitet-1536x1024.jpg 1536w, http:\/\/www.musikkapellehuben.at\/mkneu\/wp-content\/uploads\/2024\/04\/IMG_2159-Verbessert-RR-Bearbeitet-2048x1365.jpg 2048w, http:\/\/www.musikkapellehuben.at\/mkneu\/wp-content\/uploads\/2024\/04\/IMG_2159-Verbessert-RR-Bearbeitet-1140x760.jpg 1140w\" sizes=\"(max-width: 632px) 100vw, 632px\" \/><br \/>\nIsabella N\u00f6sig<\/div>\n<div style=\"text-align: center\">David Klotz<\/div>\n<div style=\"text-align: center\">Sophia Klotz<\/div>\n<div style=\"text-align: center\">Melanie Santer<\/div>\n<div style=\"text-align: center\">Adrian N\u00f6sig<\/div>\n<div style=\"text-align: center\">Sarah Klotz<\/div>\n<div style=\"text-align: center\"><a href=\"http:\/\/www.musikkapellehuben.at\/mkneu\/aktive-mitglieder\/\">&lt;&lt; zur\u00fcck<\/a><\/div>\n","protected":false},"excerpt":{"rendered":"<p>Isabella N\u00f6sig David Klotz Sophia Klotz Melanie Santer Adrian N\u00f6sig Sarah Klotz &lt;&lt; zur\u00fcck<\/p>\n","protected":false},"author":1,"featured_media":0,"parent":0,"menu_order":0,"comment_status":"closed","ping_status":"closed","template":"","meta":{"footnotes":""},"class_list":["post-842","page","type-page","status-publish","hentry"],"_links":{"self":[{"href":"http:\/\/www.musikkapellehuben.at\/mkneu\/wp-json\/wp\/v2\/pages\/842"}],"collection":[{"href":"http:\/\/www.musikkapellehuben.at\/mkneu\/wp-json\/wp\/v2\/pages"}],"about":[{"href":"http:\/\/www.musikkapellehuben.at\/mkneu\/wp-json\/wp\/v2\/types\/page"}],"author":[{"embeddable":true,"href":"http:\/\/www.musikkapellehuben.at\/mkneu\/wp-json\/wp\/v2\/users\/1"}],"replies":[{"embeddable":true,"href":"http:\/\/www.musikkapellehuben.at\/mkneu\/wp-json\/wp\/v2\/comments?post=842"}],"version-history":[{"count":12,"href":"http:\/\/www.musikkapellehuben.at\/mkneu\/wp-json\/wp\/v2\/pages\/842\/revisions"}],"predecessor-version":[{"id":3728,"href":"http:\/\/www.musikkapellehuben.at\/mkneu\/wp-json\/wp\/v2\/pages\/842\/revisions\/3728"}],"wp:attachment":[{"href":"http:\/\/www.musikkapellehuben.at\/mkneu\/wp-json\/wp\/v2\/media?parent=842"}],"curies":[{"name":"wp","href":"https:\/\/api.w.org\/{rel}","templated":true}]}}