{"id":834,"date":"2016-01-15T12:37:53","date_gmt":"2016-01-15T11:37:53","guid":{"rendered":"http:\/\/www.musikkapellehuben.at\/mkneu\/?page_id=834"},"modified":"2024-11-23T13:22:16","modified_gmt":"2024-11-23T12:22:16","slug":"trompete","status":"publish","type":"page","link":"http:\/\/www.musikkapellehuben.at\/mkneu\/trompete\/","title":{"rendered":"Trompete"},"content":{"rendered":"<div><\/div>\n<div>\n<p style=\"text-align: center\"><img loading=\"lazy\" decoding=\"async\" src=\"http:\/\/www.musikkapellehuben.at\/mkneu\/wp-content\/uploads\/2024\/04\/IMG_2301-Verbessert-RR-Bearbeitet-632x421.jpg\" class=\"aligncenter size-medium wp-image-3357\" width=\"632\" height=\"421\" alt=\"\" srcset=\"http:\/\/www.musikkapellehuben.at\/mkneu\/wp-content\/uploads\/2024\/04\/IMG_2301-Verbessert-RR-Bearbeitet-632x421.jpg 632w, http:\/\/www.musikkapellehuben.at\/mkneu\/wp-content\/uploads\/2024\/04\/IMG_2301-Verbessert-RR-Bearbeitet-1020x680.jpg 1020w, http:\/\/www.musikkapellehuben.at\/mkneu\/wp-content\/uploads\/2024\/04\/IMG_2301-Verbessert-RR-Bearbeitet-420x280.jpg 420w, http:\/\/www.musikkapellehuben.at\/mkneu\/wp-content\/uploads\/2024\/04\/IMG_2301-Verbessert-RR-Bearbeitet-768x512.jpg 768w, http:\/\/www.musikkapellehuben.at\/mkneu\/wp-content\/uploads\/2024\/04\/IMG_2301-Verbessert-RR-Bearbeitet-1536x1024.jpg 1536w, http:\/\/www.musikkapellehuben.at\/mkneu\/wp-content\/uploads\/2024\/04\/IMG_2301-Verbessert-RR-Bearbeitet-2048x1365.jpg 2048w, http:\/\/www.musikkapellehuben.at\/mkneu\/wp-content\/uploads\/2024\/04\/IMG_2301-Verbessert-RR-Bearbeitet-1140x760.jpg 1140w\" sizes=\"(max-width: 632px) 100vw, 632px\" \/><\/p>\n<p style=\"text-align: center\">Elisa Klotz<\/p>\n<p style=\"text-align: center\">Anna Ennemoser<\/p>\n<p style=\"text-align: center\">Samuel Klotz<\/p>\n<p style=\"text-align: center\">Robert Steflitsch<\/p>\n<p style=\"text-align: center\">Gabriel Stabentheiner<\/p>\n<p style=\"text-align: center\">Domenica Br\u00fcggler<\/p>\n<p style=\"text-align: center\">Vitus Br\u00fcggler<\/p>\n<p style=\"text-align: center\">Matteo Frischmann<\/p>\n<\/div>\n<div style=\"text-align: center\"><\/div>\n<div style=\"text-align: center\"><a href=\"http:\/\/www.musikkapellehuben.at\/mkneu\/aktive-mitglieder\/\">&lt;&lt; zur\u00fcck<\/a><\/div>\n","protected":false},"excerpt":{"rendered":"<p>Elisa Klotz Anna Ennemoser Samuel Klotz Robert Steflitsch Gabriel Stabentheiner Domenica Br\u00fcggler Vitus Br\u00fcggler Matteo Frischmann &lt;&lt; zur\u00fcck<\/p>\n","protected":false},"author":1,"featured_media":0,"parent":0,"menu_order":0,"comment_status":"closed","ping_status":"closed","template":"","meta":{"footnotes":""},"class_list":["post-834","page","type-page","status-publish","hentry"],"_links":{"self":[{"href":"http:\/\/www.musikkapellehuben.at\/mkneu\/wp-json\/wp\/v2\/pages\/834"}],"collection":[{"href":"http:\/\/www.musikkapellehuben.at\/mkneu\/wp-json\/wp\/v2\/pages"}],"about":[{"href":"http:\/\/www.musikkapellehuben.at\/mkneu\/wp-json\/wp\/v2\/types\/page"}],"author":[{"embeddable":true,"href":"http:\/\/www.musikkapellehuben.at\/mkneu\/wp-json\/wp\/v2\/users\/1"}],"replies":[{"embeddable":true,"href":"http:\/\/www.musikkapellehuben.at\/mkneu\/wp-json\/wp\/v2\/comments?post=834"}],"version-history":[{"count":19,"href":"http:\/\/www.musikkapellehuben.at\/mkneu\/wp-json\/wp\/v2\/pages\/834\/revisions"}],"predecessor-version":[{"id":3726,"href":"http:\/\/www.musikkapellehuben.at\/mkneu\/wp-json\/wp\/v2\/pages\/834\/revisions\/3726"}],"wp:attachment":[{"href":"http:\/\/www.musikkapellehuben.at\/mkneu\/wp-json\/wp\/v2\/media?parent=834"}],"curies":[{"name":"wp","href":"https:\/\/api.w.org\/{rel}","templated":true}]}}