{"id":496,"date":"2014-07-21T18:49:57","date_gmt":"2014-07-21T17:49:57","guid":{"rendered":"http:\/\/www.musikkapellehuben.at\/mkneu\/?page_id=496"},"modified":"2014-07-21T18:49:57","modified_gmt":"2014-07-21T17:49:57","slug":"jugendblasorchester-hula","status":"publish","type":"page","link":"http:\/\/www.musikkapellehuben.at\/mkneu\/jugendblasorchester-hula\/","title":{"rendered":"Jugendblasorchester HULA"},"content":{"rendered":"<hr \/>\n<table style=\"padding-left: 30px; background-color: #cbf3cc;\" border=\"0\">\n<tbody style=\"padding-left: 30px;\">\n<tr style=\"padding-left: 30px;\">\n<td><strong>\u00a0<\/strong><\/td>\n<td><strong>[singlepic id=811 w=250 h=354 float=left]<\/strong><\/td>\n<td style=\"padding-left: 30px;\"><strong>Auch heuer hat die MK Huben gemeinsam mit der MK L\u00e4ngenfeld wieder das Jugendblasorchester HULA organisiert.<\/strong><\/p>\n<p><strong>Dabei spielen 40 Jungmusiker aus L\u00e4ngenfeld und Huben 4 St\u00fccke am \u00a0<span style=\"text-decoration: underline;\"><em>Tag der Jugend<\/em><\/span>, welcher am Samstag, dem 26.07.2014 in \u00d6tz, anl\u00e4sslich des Bezirksmusikfestes stattfindet.<\/strong><\/p>\n<p><strong>Zu erw\u00e4hnen ist, dass der Gro\u00dfteil der Musikanten noch nicht bei der Musikkapelle ist, und dies somit eine gro\u00dfe Herausforderung f\u00fcr unseren Nachwuchs darstellt.<\/strong><\/p>\n<p><strong>Unterst\u00fctzt wird das Orchester von den Kapellmeistern, Obm\u00e4nnern und Jugendreferenten der zwei Kapellen. Der musikalische Leiter ist Stefan Gr\u00fcner aus L\u00e4ngenfeld, welcher derzeit die Kapellmeisterausbildung absolviert.<\/strong><\/p>\n<p><strong>Die Jungmusiker sind schon flei\u00dfig beim Proben und w\u00fcrden sich \u00fcber zahlreichen Besuch freuen.<\/strong><\/p>\n<p>[nggallery id=33]<\/td>\n<\/tr>\n<tr>\n<td><strong>\u00a0<\/strong><\/td>\n<td><strong>\u00a0<\/strong><\/td>\n<td><strong>\u00a0<\/strong><\/td>\n<\/tr>\n<\/tbody>\n<\/table>\n<hr \/>\n<p>&nbsp;<\/p>\n","protected":false},"excerpt":{"rendered":"<p>\u00a0 [singlepic id=811 w=250 h=354 float=left] Auch heuer hat die MK Huben gemeinsam mit der MK L\u00e4ngenfeld wieder das Jugendblasorchester HULA organisiert. Dabei spielen 40 Jungmusiker aus L\u00e4ngenfeld und Huben 4 St\u00fccke am \u00a0Tag der Jugend, welcher am Samstag, dem 26.07.2014 in \u00d6tz, anl\u00e4sslich des Bezirksmusikfestes stattfindet. Zu erw\u00e4hnen ist, dass der Gro\u00dfteil der Musikanten noch nicht bei der Musikkapelle ist, und dies somit eine gro\u00dfe Herausforderung f\u00fcr unseren Nachwuchs darstellt. Unterst\u00fctzt wird das Orchester von den Kapellmeistern, Obm\u00e4nnern und Jugendreferenten der zwei Kapellen. Der musikalische Leiter ist Stefan Gr\u00fcner aus L\u00e4ngenfeld, welcher derzeit die Kapellmeisterausbildung absolviert. Die Jungmusiker sind schon flei\u00dfig beim Proben und w\u00fcrden sich \u00fcber zahlreichen Besuch freuen. [nggallery id=33] \u00a0 \u00a0 \u00a0 &nbsp;<\/p>\n","protected":false},"author":1,"featured_media":0,"parent":0,"menu_order":0,"comment_status":"closed","ping_status":"open","template":"","meta":{"footnotes":""},"class_list":["post-496","page","type-page","status-publish","hentry"],"_links":{"self":[{"href":"http:\/\/www.musikkapellehuben.at\/mkneu\/wp-json\/wp\/v2\/pages\/496"}],"collection":[{"href":"http:\/\/www.musikkapellehuben.at\/mkneu\/wp-json\/wp\/v2\/pages"}],"about":[{"href":"http:\/\/www.musikkapellehuben.at\/mkneu\/wp-json\/wp\/v2\/types\/page"}],"author":[{"embeddable":true,"href":"http:\/\/www.musikkapellehuben.at\/mkneu\/wp-json\/wp\/v2\/users\/1"}],"replies":[{"embeddable":true,"href":"http:\/\/www.musikkapellehuben.at\/mkneu\/wp-json\/wp\/v2\/comments?post=496"}],"version-history":[{"count":1,"href":"http:\/\/www.musikkapellehuben.at\/mkneu\/wp-json\/wp\/v2\/pages\/496\/revisions"}],"predecessor-version":[{"id":497,"href":"http:\/\/www.musikkapellehuben.at\/mkneu\/wp-json\/wp\/v2\/pages\/496\/revisions\/497"}],"wp:attachment":[{"href":"http:\/\/www.musikkapellehuben.at\/mkneu\/wp-json\/wp\/v2\/media?parent=496"}],"curies":[{"name":"wp","href":"https:\/\/api.w.org\/{rel}","templated":true}]}}