{"id":485,"date":"2014-06-03T11:13:40","date_gmt":"2014-06-03T10:13:40","guid":{"rendered":"http:\/\/www.musikkapellehuben.at\/mkneu\/?page_id=485"},"modified":"2023-05-31T10:54:58","modified_gmt":"2023-05-31T09:54:58","slug":"volksmusik-am-berg","status":"publish","type":"page","link":"http:\/\/www.musikkapellehuben.at\/mkneu\/volksmusik-am-berg\/","title":{"rendered":"&#8222;Volksmusik am Berg&#8220;"},"content":{"rendered":"<hr \/>\n<table class=\" aligncenter\" style=\"padding-left: 30px; background-color: #cbf3cc;\" border=\"0\">\n<tbody style=\"padding-left: 30px;\">\n<tr style=\"padding-left: 30px;\">\n<td><strong>\u00a0<\/strong><\/td>\n<td><strong>[singlepic id=803 w=250 h=354 float=left]<\/strong><\/td>\n<td style=\"padding-left: 30px;\"><strong>Unter diesem Motto lud der \u00d6tztal Tourismus am Sonntag, den 01. Juni 2014, zur Sommersaisoner\u00f6ffnung in die Almenregion Hoch\u00f6tz ein. <\/strong><\/p>\n<p><strong>Diverse Musikgruppen sorgten bei den umliegenden Almh\u00fctten und dem Panoramarestaurant f\u00fcr Stimmung und Unterhaltung. Mit dabei waren auch Musikanten der Musikkapellen Huben und L\u00e4ngenfeld, welche auf der Acherbergalm einige St\u00fccke zum Besten gaben. <\/strong><\/p>\n<p><strong>Trotz der noch sehr fr\u00fchlingshaften Temperaturen freuten wir uns \u00fcber zahlreichen Besuch und einen gem\u00fctlichen musikalischen Tag am Berg.<\/strong><\/p>\n<p>[nggallery id=32]<\/td>\n<\/tr>\n<tr>\n<td><strong>\u00a0<\/strong><\/td>\n<td><strong>\u00a0<\/strong><\/td>\n<td><strong>\u00a0<\/strong><\/td>\n<\/tr>\n<\/tbody>\n<\/table>\n<hr \/>\n","protected":false},"excerpt":{"rendered":"<p>\u00a0 [singlepic id=803 w=250 h=354 float=left] Unter diesem Motto lud der \u00d6tztal Tourismus am Sonntag, den 01. Juni 2014, zur Sommersaisoner\u00f6ffnung in die Almenregion Hoch\u00f6tz ein. Diverse Musikgruppen sorgten bei den umliegenden Almh\u00fctten und dem Panoramarestaurant f\u00fcr Stimmung und Unterhaltung. Mit dabei waren auch Musikanten der Musikkapellen Huben und L\u00e4ngenfeld, welche auf der Acherbergalm einige St\u00fccke zum Besten gaben. Trotz der noch sehr fr\u00fchlingshaften Temperaturen freuten wir uns \u00fcber zahlreichen Besuch und einen gem\u00fctlichen musikalischen Tag am Berg. [nggallery id=32] \u00a0 \u00a0 \u00a0<\/p>\n","protected":false},"author":1,"featured_media":0,"parent":0,"menu_order":0,"comment_status":"closed","ping_status":"open","template":"","meta":{"footnotes":""},"class_list":["post-485","page","type-page","status-publish","hentry"],"_links":{"self":[{"href":"http:\/\/www.musikkapellehuben.at\/mkneu\/wp-json\/wp\/v2\/pages\/485"}],"collection":[{"href":"http:\/\/www.musikkapellehuben.at\/mkneu\/wp-json\/wp\/v2\/pages"}],"about":[{"href":"http:\/\/www.musikkapellehuben.at\/mkneu\/wp-json\/wp\/v2\/types\/page"}],"author":[{"embeddable":true,"href":"http:\/\/www.musikkapellehuben.at\/mkneu\/wp-json\/wp\/v2\/users\/1"}],"replies":[{"embeddable":true,"href":"http:\/\/www.musikkapellehuben.at\/mkneu\/wp-json\/wp\/v2\/comments?post=485"}],"version-history":[{"count":2,"href":"http:\/\/www.musikkapellehuben.at\/mkneu\/wp-json\/wp\/v2\/pages\/485\/revisions"}],"predecessor-version":[{"id":2705,"href":"http:\/\/www.musikkapellehuben.at\/mkneu\/wp-json\/wp\/v2\/pages\/485\/revisions\/2705"}],"wp:attachment":[{"href":"http:\/\/www.musikkapellehuben.at\/mkneu\/wp-json\/wp\/v2\/media?parent=485"}],"curies":[{"name":"wp","href":"https:\/\/api.w.org\/{rel}","templated":true}]}}