{"id":37,"date":"2014-02-07T11:19:39","date_gmt":"2014-02-07T10:19:39","guid":{"rendered":"http:\/\/www.musikkapellehuben.at\/mkneu\/?page_id=37"},"modified":"2024-04-21T12:45:49","modified_gmt":"2024-04-21T11:45:49","slug":"sponsoren","status":"publish","type":"page","link":"http:\/\/www.musikkapellehuben.at\/mkneu\/sponsoren\/","title":{"rendered":"Sponsoren"},"content":{"rendered":"<p style=\"text-align: center\">Unser Hauptsponsor:<\/p>\n<p style=\"text-align: center\"><a href=\"http:\/\/www.musikkapellehuben.at\/mkneu\/wp-content\/uploads\/2014\/02\/l%C3%A4-schwarz.jpg\" rel=\"attachment wp-att-968\"><img loading=\"lazy\" decoding=\"async\" src=\"http:\/\/www.musikkapellehuben.at\/mkneu\/wp-content\/uploads\/2014\/02\/l%C3%A4-schwarz.jpg\" class=\"alignnone size-full wp-image-968\" alt=\"l\u00e4 schwarz\" width=\"198\" height=\"80\"><\/a><\/p>\n<p style=\"text-align: center\">Weitere Sponsoren:<\/p>\n<p style=\"text-align: center\"><img loading=\"lazy\" decoding=\"async\" src=\"http:\/\/www.musikkapellehuben.at\/mkneu\/wp-content\/uploads\/2023\/08\/TIHU.png\" class=\"aligncenter wp-image-2926\" alt=\"\" width=\"187\" height=\"175\"><\/p>\n<p style=\"text-align: center\"><strong>Vielen Dank f\u00fcr die gro\u00dfz\u00fcgige Unterst\u00fctzung!<\/strong><\/p>\n","protected":false},"excerpt":{"rendered":"<p>Unser Hauptsponsor: Weitere Sponsoren: Vielen Dank f\u00fcr die gro\u00dfz\u00fcgige Unterst\u00fctzung!<\/p>\n","protected":false},"author":1,"featured_media":0,"parent":0,"menu_order":0,"comment_status":"closed","ping_status":"closed","template":"","meta":{"footnotes":""},"class_list":["post-37","page","type-page","status-publish","hentry"],"_links":{"self":[{"href":"http:\/\/www.musikkapellehuben.at\/mkneu\/wp-json\/wp\/v2\/pages\/37"}],"collection":[{"href":"http:\/\/www.musikkapellehuben.at\/mkneu\/wp-json\/wp\/v2\/pages"}],"about":[{"href":"http:\/\/www.musikkapellehuben.at\/mkneu\/wp-json\/wp\/v2\/types\/page"}],"author":[{"embeddable":true,"href":"http:\/\/www.musikkapellehuben.at\/mkneu\/wp-json\/wp\/v2\/users\/1"}],"replies":[{"embeddable":true,"href":"http:\/\/www.musikkapellehuben.at\/mkneu\/wp-json\/wp\/v2\/comments?post=37"}],"version-history":[{"count":10,"href":"http:\/\/www.musikkapellehuben.at\/mkneu\/wp-json\/wp\/v2\/pages\/37\/revisions"}],"predecessor-version":[{"id":3398,"href":"http:\/\/www.musikkapellehuben.at\/mkneu\/wp-json\/wp\/v2\/pages\/37\/revisions\/3398"}],"wp:attachment":[{"href":"http:\/\/www.musikkapellehuben.at\/mkneu\/wp-json\/wp\/v2\/media?parent=37"}],"curies":[{"name":"wp","href":"https:\/\/api.w.org\/{rel}","templated":true}]}}